{"id":11,"date":"2023-01-21T16:42:13","date_gmt":"2023-01-21T16:42:13","guid":{"rendered":"https:\/\/radioconsuelo138.com\/?page_id=11"},"modified":"2024-03-06T21:04:14","modified_gmt":"2024-03-06T21:04:14","slug":"home","status":"publish","type":"page","link":"https:\/\/radioconsuelo138.com\/","title":{"rendered":"Home"},"content":{"rendered":"\t\t<div data-elementor-type=\"wp-page\" data-elementor-id=\"11\" class=\"elementor elementor-11\" data-elementor-post-type=\"page\">\n\t\t\t\t\t\t<section class=\"elementor-section elementor-top-section elementor-element elementor-element-6778e51 elementor-section-boxed elementor-section-height-default elementor-section-height-default wpr-particle-no wpr-jarallax-no wpr-parallax-no wpr-sticky-section-no\" data-id=\"6778e51\" data-element_type=\"section\">\n\t\t\t\t\t\t<div class=\"elementor-container elementor-column-gap-default\">\n\t\t\t\t\t<div class=\"elementor-column elementor-col-100 elementor-top-column elementor-element elementor-element-e156424\" data-id=\"e156424\" data-element_type=\"column\">\n\t\t\t<div class=\"elementor-widget-wrap\">\n\t\t\t\t\t\t\t<\/div>\n\t\t<\/div>\n\t\t\t\t\t<\/div>\n\t\t<\/section>\n\t\t\t\t<section class=\"elementor-section elementor-top-section elementor-element elementor-element-d6e791b elementor-section-boxed elementor-section-height-default elementor-section-height-default wpr-particle-no wpr-jarallax-no wpr-parallax-no wpr-sticky-section-no\" data-id=\"d6e791b\" data-element_type=\"section\" data-settings=\"{&quot;background_background&quot;:&quot;classic&quot;}\">\n\t\t\t\t\t\t\t<div class=\"elementor-background-overlay\"><\/div>\n\t\t\t\t\t\t\t<div class=\"elementor-container elementor-column-gap-default\">\n\t\t\t\t\t<div class=\"elementor-column elementor-col-66 elementor-top-column elementor-element elementor-element-6e842f12\" data-id=\"6e842f12\" data-element_type=\"column\" data-settings=\"{&quot;background_background&quot;:&quot;classic&quot;}\">\n\t\t\t<div class=\"elementor-widget-wrap elementor-element-populated\">\n\t\t\t\t\t<div class=\"elementor-background-overlay\"><\/div>\n\t\t\t\t\t\t<div class=\"elementor-element elementor-element-1d5d4691 elementor-widget elementor-widget-html\" data-id=\"1d5d4691\" data-element_type=\"widget\" data-widget_type=\"html.default\">\n\t\t\t\t<div class=\"elementor-widget-container\">\n\t\t\t\t\t<iframe frameborder='0' height='445' width='350' scrolling='no' src='https:\/\/radioconsuelo138.com\/Reproductorluna138\/'><\/iframe>\t\t\t\t<\/div>\n\t\t\t\t<\/div>\n\t\t\t\t\t<\/div>\n\t\t<\/div>\n\t\t\t\t<div class=\"elementor-column elementor-col-33 elementor-top-column elementor-element elementor-element-105bcfd7\" data-id=\"105bcfd7\" data-element_type=\"column\" data-settings=\"{&quot;background_background&quot;:&quot;classic&quot;}\">\n\t\t\t<div class=\"elementor-widget-wrap elementor-element-populated\">\n\t\t\t\t\t\t<div class=\"elementor-element elementor-element-7a4ec0b9 elementor-align-center elementor-tablet-align-left elementor-widget-tablet__width-auto elementor-widget__width-auto animated-slow elementor-invisible elementor-widget elementor-widget-button\" data-id=\"7a4ec0b9\" data-element_type=\"widget\" data-settings=\"{&quot;_animation&quot;:&quot;fadeInDown&quot;,&quot;_animation_tablet&quot;:&quot;none&quot;,&quot;_animation_delay&quot;:300}\" data-widget_type=\"button.default\">\n\t\t\t\t<div class=\"elementor-widget-container\">\n\t\t\t\t\t\t\t\t\t<div class=\"elementor-button-wrapper\">\n\t\t\t\t\t<a class=\"elementor-button elementor-size-sm\" role=\"button\">\n\t\t\t\t\t\t<span class=\"elementor-button-content-wrapper\">\n\t\t\t\t\t\t<span class=\"elementor-button-icon\">\n\t\t\t\t<i aria-hidden=\"true\" class=\"fas fa-microphone\"><\/i>\t\t\t<\/span>\n\t\t\t\t\t\t\t\t\t<span class=\"elementor-button-text\">CONT\u00c1CTENOS<\/span>\n\t\t\t\t\t<\/span>\n\t\t\t\t\t<\/a>\n\t\t\t\t<\/div>\n\t\t\t\t\t\t\t\t<\/div>\n\t\t\t\t<\/div>\n\t\t\t\t<div class=\"elementor-element elementor-element-597ee61c elementor-widget__width-inherit elementor-absolute elementor-widget elementor-widget-image\" data-id=\"597ee61c\" data-element_type=\"widget\" data-settings=\"{&quot;_position&quot;:&quot;absolute&quot;,&quot;motion_fx_motion_fx_scrolling&quot;:&quot;yes&quot;,&quot;motion_fx_translateX_effect&quot;:&quot;yes&quot;,&quot;motion_fx_translateX_speed&quot;:{&quot;unit&quot;:&quot;px&quot;,&quot;size&quot;:4,&quot;sizes&quot;:[]},&quot;motion_fx_translateX_affectedRange&quot;:{&quot;unit&quot;:&quot;%&quot;,&quot;size&quot;:&quot;&quot;,&quot;sizes&quot;:{&quot;start&quot;:0,&quot;end&quot;:100}},&quot;motion_fx_devices&quot;:[&quot;desktop&quot;,&quot;tablet&quot;,&quot;mobile&quot;]}\" data-widget_type=\"image.default\">\n\t\t\t\t<div class=\"elementor-widget-container\">\n\t\t\t\t\t\t\t\t\t\t\t\t\t\t\t<img loading=\"lazy\" width=\"3200\" height=\"4000\" src=\"https:\/\/radioconsuelo138.com\/wp-content\/uploads\/2024\/03\/Radio-Consuelo.png\" class=\"attachment-full size-full wp-image-264\" alt=\"Radio Consuelo\" srcset=\"https:\/\/radioconsuelo138.com\/wp-content\/uploads\/2024\/03\/Radio-Consuelo.png 3200w, https:\/\/radioconsuelo138.com\/wp-content\/uploads\/2024\/03\/Radio-Consuelo-240x300.png 240w, https:\/\/radioconsuelo138.com\/wp-content\/uploads\/2024\/03\/Radio-Consuelo-819x1024.png 819w, https:\/\/radioconsuelo138.com\/wp-content\/uploads\/2024\/03\/Radio-Consuelo-768x960.png 768w, https:\/\/radioconsuelo138.com\/wp-content\/uploads\/2024\/03\/Radio-Consuelo-1229x1536.png 1229w, https:\/\/radioconsuelo138.com\/wp-content\/uploads\/2024\/03\/Radio-Consuelo-1638x2048.png 1638w\" sizes=\"auto, (max-width: 3200px) 100vw, 3200px\" loading=\"lazy\" decoding=\"async\" \/>\t\t\t\t\t\t\t\t\t\t\t\t\t\t\t<\/div>\n\t\t\t\t<\/div>\n\t\t\t\t\t<\/div>\n\t\t<\/div>\n\t\t\t\t\t<\/div>\n\t\t<\/section>\n\t\t\t\t<section class=\"elementor-section elementor-top-section elementor-element elementor-element-06011af elementor-section-boxed elementor-section-height-default elementor-section-height-default wpr-particle-no wpr-jarallax-no wpr-parallax-no wpr-sticky-section-no\" data-id=\"06011af\" data-element_type=\"section\" data-settings=\"{&quot;background_background&quot;:&quot;classic&quot;}\">\n\t\t\t\t\t\t<div class=\"elementor-container elementor-column-gap-default\">\n\t\t\t\t\t<div class=\"elementor-column elementor-col-100 elementor-top-column elementor-element elementor-element-ca63083\" data-id=\"ca63083\" data-element_type=\"column\">\n\t\t\t<div class=\"elementor-widget-wrap elementor-element-populated\">\n\t\t\t\t\t\t<div class=\"elementor-element elementor-element-13e6264 elementor-widget elementor-widget-heading\" data-id=\"13e6264\" data-element_type=\"widget\" data-widget_type=\"heading.default\">\n\t\t\t\t<div class=\"elementor-widget-container\">\n\t\t\t\t\t<h1 class=\"elementor-heading-title elementor-size-xxl\">Noticias<\/h1>\t\t\t\t<\/div>\n\t\t\t\t<\/div>\n\t\t\t\t\t<\/div>\n\t\t<\/div>\n\t\t\t\t\t<\/div>\n\t\t<\/section>\n\t\t\t\t<section class=\"elementor-section elementor-top-section elementor-element elementor-element-a3015b3 elementor-section-full_width elementor-section-height-default elementor-section-height-default wpr-particle-no wpr-jarallax-no wpr-parallax-no wpr-sticky-section-no\" data-id=\"a3015b3\" data-element_type=\"section\">\n\t\t\t\t\t\t<div class=\"elementor-container elementor-column-gap-default\">\n\t\t\t\t\t<div class=\"elementor-column elementor-col-100 elementor-top-column elementor-element elementor-element-43861a7\" data-id=\"43861a7\" data-element_type=\"column\">\n\t\t\t<div class=\"elementor-widget-wrap elementor-element-populated\">\n\t\t\t\t\t\t<div class=\"elementor-element elementor-element-f8ff0e0 elementor-widget elementor-widget-prime-slider-fiestar\" data-id=\"f8ff0e0\" data-element_type=\"widget\" data-widget_type=\"prime-slider-fiestar.default\">\n\t\t\t\t<div class=\"elementor-widget-container\">\n\t\t\t\t\t        <div class=\"bdt-prime-slider\">\n            <div id=\"bdt-prime-slider-f8ff0e0\" class=\"bdt-fiestar-slider elementor-swiper\" data-settings=\"{&quot;autoplay&quot;:{&quot;delay&quot;:5000},&quot;loop&quot;:true,&quot;speed&quot;:900,&quot;slidesPerView&quot;:1,&quot;slidesPerGroup&quot;:1,&quot;centeredSlides&quot;:true,&quot;effect&quot;:&quot;slide&quot;,&quot;parallax&quot;:true,&quot;breakpoints&quot;:{&quot;767&quot;:{&quot;slidesPerView&quot;:3,&quot;spaceBetween&quot;:20,&quot;slidesPerGroup&quot;:1},&quot;1023&quot;:{&quot;slidesPerView&quot;:3,&quot;spaceBetween&quot;:20,&quot;slidesPerGroup&quot;:1}},&quot;navigation&quot;:{&quot;nextEl&quot;:&quot;#bdt-prime-slider-f8ff0e0 .bdt-navigation-next&quot;,&quot;prevEl&quot;:&quot;#bdt-prime-slider-f8ff0e0 .bdt-navigation-prev&quot;},&quot;lazy&quot;:{&quot;loadPrevNext&quot;:&quot;true&quot;}}\">\n                <div class=\"bdt-center-slider\" role=\"region\" aria-roledescription=\"carousel\" aria-label=\"Fiestar Slider\" dir=\"ltr\">\n                    <div class=\"swiper-wrapper\">\n                            <div class=\"bdt-item swiper-slide\">\n            <div class=\"bdt-img-wrap\">\n                <img loading=\"lazy\" width=\"150\" height=\"150\" src=\"https:\/\/radioconsuelo138.com\/wp-content\/uploads\/2023\/01\/202301212326411-150x150.jpeg\" class=\"bdt-img swiper-lazy\" alt=\"Sacerdote invoca intercepci\u00f3n de la virgen para reconstrucci\u00f3n carretera Neyba-Aguacate\" loading=\"lazy\" decoding=\"async\" \/>            <\/div>\n            <div class=\"bdt-content\">\n                        <div class=\"bdt-category\" data-reveal=\"reveal-active\">\n        <a href=\"https:\/\/radioconsuelo138.com\/index.php\/category\/noticias-rd\/\" rel=\"tag\">Noticias RD<\/a>        <\/div>\n                        <h3 class=\"bdt-title\" data-reveal=\"reveal-active\">\n                <a href=\"https:\/\/radioconsuelo138.com\/index.php\/2023\/01\/22\/sacerdote-invoca-intercepcion-de-la-virgen-para-reconstruccion-carretera-neyba-aguacate\/\" title=\"Sacerdote invoca intercepci\u00f3n de la virgen para reconstrucci\u00f3n carretera Neyba-Aguacate\">\n                    Sacerdote invoca intercepci\u00f3n de la virgen para reconstrucci\u00f3n carretera Neyba-Aguacate\n                <\/a>\n            <\/h3>            <\/div>\n                    <\/div>\n                <div class=\"bdt-item swiper-slide\">\n            <div class=\"bdt-img-wrap\">\n                <img loading=\"lazy\" width=\"150\" height=\"150\" src=\"https:\/\/radioconsuelo138.com\/wp-content\/uploads\/2023\/01\/elly-de-la-cruz-espera-quedarse-en-mlb-como-torpedero-150x150.webp\" class=\"bdt-img swiper-lazy\" alt=\"Elly De La Cruz espera quedarse en MLB como torpedero\" loading=\"lazy\" decoding=\"async\" \/>            <\/div>\n            <div class=\"bdt-content\">\n                        <div class=\"bdt-category\" data-reveal=\"reveal-active\">\n        <a href=\"https:\/\/radioconsuelo138.com\/index.php\/category\/deportes\/\" rel=\"tag\">Deportes<\/a>        <\/div>\n                        <h3 class=\"bdt-title\" data-reveal=\"reveal-active\">\n                <a href=\"https:\/\/radioconsuelo138.com\/index.php\/2023\/01\/22\/elly-de-la-cruz-espera-quedarse-en-mlb-como-torpedero\/\" title=\"Elly De La Cruz espera quedarse en MLB como torpedero\">\n                    Elly De La Cruz espera quedarse en MLB como torpedero\n                <\/a>\n            <\/h3>            <\/div>\n                    <\/div>\n                <div class=\"bdt-item swiper-slide\">\n            <div class=\"bdt-img-wrap\">\n                <img loading=\"lazy\" width=\"150\" height=\"150\" src=\"https:\/\/radioconsuelo138.com\/wp-content\/uploads\/2023\/01\/202301211527411-150x150.jpeg\" class=\"bdt-img swiper-lazy\" alt=\"Uno de cada cinco veh\u00edculos nuevos en California fue de emisiones cero en 2022\" loading=\"lazy\" decoding=\"async\" \/>            <\/div>\n            <div class=\"bdt-content\">\n                        <div class=\"bdt-category\" data-reveal=\"reveal-active\">\n        <a href=\"https:\/\/radioconsuelo138.com\/index.php\/category\/economia\/\" rel=\"tag\">Economia<\/a>        <\/div>\n                        <h3 class=\"bdt-title\" data-reveal=\"reveal-active\">\n                <a href=\"https:\/\/radioconsuelo138.com\/index.php\/2023\/01\/22\/uno-de-cada-cinco-vehiculos-nuevos-en-california-fue-de-emisiones-cero-en-2022\/\" title=\"Uno de cada cinco veh\u00edculos nuevos en California fue de emisiones cero en 2022\">\n                    Uno de cada cinco veh\u00edculos nuevos en California fue de emisiones cero en 2022\n                <\/a>\n            <\/h3>            <\/div>\n                    <\/div>\n                <div class=\"bdt-item swiper-slide\">\n            <div class=\"bdt-img-wrap\">\n                <img loading=\"lazy\" width=\"150\" height=\"150\" src=\"https:\/\/radioconsuelo138.com\/wp-content\/uploads\/2023\/01\/jlo-fue-un-sueno-haber-filmado-en-republica-dominicana-que-es-como-un-paraiso-150x150.jpeg\" class=\"bdt-img swiper-lazy\" alt=\"JLo: Fue un sue\u00f1o haber filmado en Rep\u00fablica Dominicana que es como un para\u00edso\" loading=\"lazy\" decoding=\"async\" \/>            <\/div>\n            <div class=\"bdt-content\">\n                        <div class=\"bdt-category\" data-reveal=\"reveal-active\">\n        <a href=\"https:\/\/radioconsuelo138.com\/index.php\/category\/entretenimientos\/\" rel=\"tag\">Entretenimientos<\/a>        <\/div>\n                        <h3 class=\"bdt-title\" data-reveal=\"reveal-active\">\n                <a href=\"https:\/\/radioconsuelo138.com\/index.php\/2023\/01\/22\/jlo-fue-un-sueno-haber-filmado-en-republica-dominicana-que-es-como-un-paraiso\/\" title=\"JLo: Fue un sue\u00f1o haber filmado en Rep\u00fablica Dominicana que es como un para\u00edso\">\n                    JLo: Fue un sue\u00f1o haber filmado en Rep\u00fablica Dominicana que es como un para\u00edso\n                <\/a>\n            <\/h3>            <\/div>\n                    <\/div>\n                            <\/div>\n\n                                        <div class=\"bdt-navigation-wrap reveal-muted\">\n                        <div class=\"bdt-navigation-prev\">\n                            <i class=\"ps-wi-arrow-left-8\"><\/i>\n                        <\/div>\n                        <div class=\"bdt-navigation-next\">\n                            <i class=\"ps-wi-arrow-right-8\"><\/i>\n                        <\/div>\n                    <\/div>\n                    \n                <\/div>\n            <\/div>\n        <\/div>\n        \t\t\t\t<\/div>\n\t\t\t\t<\/div>\n\t\t\t\t\t<\/div>\n\t\t<\/div>\n\t\t\t\t\t<\/div>\n\t\t<\/section>\n\t\t\t\t<section class=\"elementor-section elementor-top-section elementor-element elementor-element-6f3bf94f0 elementor-section-boxed elementor-section-height-default elementor-section-height-default wpr-particle-no wpr-jarallax-no wpr-parallax-no wpr-sticky-section-no\" data-id=\"6f3bf94f0\" data-element_type=\"section\" data-settings=\"{&quot;background_background&quot;:&quot;classic&quot;}\">\n\t\t\t\t\t\t<div class=\"elementor-container elementor-column-gap-default\">\n\t\t\t\t\t<div class=\"elementor-column elementor-col-100 elementor-top-column elementor-element elementor-element-480a7895\" data-id=\"480a7895\" data-element_type=\"column\">\n\t\t\t<div class=\"elementor-widget-wrap elementor-element-populated\">\n\t\t\t\t\t\t<section class=\"elementor-section elementor-inner-section elementor-element elementor-element-44cda880 elementor-section-full_width elementor-section-height-default elementor-section-height-default wpr-sticky-section-no\" data-id=\"44cda880\" data-element_type=\"section\">\n\t\t\t\t\t\t<div class=\"elementor-container elementor-column-gap-default\">\n\t\t\t\t\t<div class=\"elementor-column elementor-col-100 elementor-inner-column elementor-element elementor-element-1d732e26\" data-id=\"1d732e26\" data-element_type=\"column\">\n\t\t\t<div class=\"elementor-widget-wrap elementor-element-populated\">\n\t\t\t\t\t\t<div class=\"elementor-element elementor-element-3d4ee676 wpr-team-member-divider-center wpr-team-member-social-media-center elementor-widget elementor-widget-wpr-team-member\" data-id=\"3d4ee676\" data-element_type=\"widget\" data-widget_type=\"wpr-team-member.default\">\n\t\t\t\t<div class=\"elementor-widget-container\">\n\t\t\t\t\t\n\t<div class=\"wpr-team-member\">\n\t\t\t\t\t\n\t\t\t<div class=\"wpr-member-media\">\n\t\t\t\t<div class=\"wpr-member-image\">\n\t\t\t\t\t<img decoding=\"async\" src=\"https:\/\/radioconsuelo138.com\/wp-content\/uploads\/2023\/01\/WhatsApp-Image-2023-01-24-at-8.22.19-PM-768x1024.jpeg\" alt=\"Juan Hodge Gomez\">\n\t\t\t\t<\/div>\n\t\t\t\t\t\t\t<\/div>\n\t\t\t\t\n\t\t\n\t\t<div class=\"wpr-member-content\">\n\t\t\t<h1 class=\"wpr-member-name\">Juan Hodge Gomez<\/h1>\n\t\t\t\n\t\t\t\t\t\t\t<div class=\"wpr-member-job\">FUNDADOR &amp; DIRECTOR <\/div>\n\t\t\t\n\t\t\t\t\t\t\t<div class=\"wpr-member-divider\"><\/div>\n\t\t\t\n\t\t\t\t\t\t\t<div class=\"wpr-member-description\">Desde mi inicio en la Academia Novo de M\u00e9xico en 1974, he trabajado incansablemente en el mundo de la radio, explorando y aprendiendo en cada estaci\u00f3n y programa en el que he trabajado. Mi pasi\u00f3n por el medio y mi dedicaci\u00f3n hacia mi trabajo siempre han sido la raz\u00f3n que me impulsa a seguir adelante, enfrentando cada desaf\u00edo y superando cada obst\u00e1culo. A lo largo de mi carrera he tenido la oportunidad de ser parte de importantes proyectos e iniciativas, como la producci\u00f3n del primer programa en espa\u00f1ol de Radio Anguilla en 1988 o mi rol como voz oficial de eventos en Lynwood, California en 1996. Como presidente del c\u00edrculo de locutores dominicanos en Florida, me siento orgulloso de fomentar el crecimiento y apoyar a talentos emergentes en nuestra industria. Todo esto gracias a mi formaci\u00f3n acad\u00e9mica licenciado en F\u00edsica y Matem\u00e1ticas, que me ha permitido ser un comunicador riguroso y comprometido con el conocimiento en cada uno de mis trabajos y proyectos.<\/div>\n\t\t\t\t\t\t\n\t\t\t\n\t\t<div class=\"wpr-member-social-media\">\n\t\t\t\n\t\t\t\t\t\t\t<a href=\"https:\/\/www.facebook.com\/juhogo?mibextid=ZbWKwL\" class=\"wpr-member-social\">\n\t\t\t\t\t<i aria-hidden=\"true\" class=\"fab fa-facebook\"><\/i>\t\t\t\t<\/a>\n\t\t\t\t\t\n\t\t\t\t\t\t\t<a href=\"https:\/\/www.instagram.com\/juhogo\/\" class=\"wpr-member-social\">\n\t\t\t\t\t<i aria-hidden=\"true\" class=\"fab fa-instagram\"><\/i>\t\t\t\t<\/a>\n\t\t\t\n\t\t\t\n\t\t\t\n\t\t\t\n\t\t<\/div>\n\t\t\n\t\t\t\t<\/div>\n\n\t\t\t<\/div>\n\n\t\t\t\t\t<\/div>\n\t\t\t\t<\/div>\n\t\t\t\t\t<\/div>\n\t\t<\/div>\n\t\t\t\t\t<\/div>\n\t\t<\/section>\n\t\t\t\t\t<\/div>\n\t\t<\/div>\n\t\t\t\t\t<\/div>\n\t\t<\/section>\n\t\t\t\t<\/div>\n\t\t","protected":false},"excerpt":{"rendered":"<p>[rev_slider alias=&#8221;slider-1&#8243; slidertitle=&#8221;Slider 1&#8243;][\/rev_slider] CONT\u00c1CTENOS Noticias Noticias RD Sacerdote invoca intercepci\u00f3n de la virgen para reconstrucci\u00f3n carretera Neyba-Aguacate<\/p>\n","protected":false},"author":3,"featured_media":0,"parent":0,"menu_order":0,"comment_status":"closed","ping_status":"closed","template":"","meta":{"footnotes":""},"class_list":["post-11","page","type-page","status-publish","hentry"],"_links":{"self":[{"href":"https:\/\/radioconsuelo138.com\/index.php\/wp-json\/wp\/v2\/pages\/11","targetHints":{"allow":["GET"]}}],"collection":[{"href":"https:\/\/radioconsuelo138.com\/index.php\/wp-json\/wp\/v2\/pages"}],"about":[{"href":"https:\/\/radioconsuelo138.com\/index.php\/wp-json\/wp\/v2\/types\/page"}],"author":[{"embeddable":true,"href":"https:\/\/radioconsuelo138.com\/index.php\/wp-json\/wp\/v2\/users\/3"}],"replies":[{"embeddable":true,"href":"https:\/\/radioconsuelo138.com\/index.php\/wp-json\/wp\/v2\/comments?post=11"}],"version-history":[{"count":113,"href":"https:\/\/radioconsuelo138.com\/index.php\/wp-json\/wp\/v2\/pages\/11\/revisions"}],"predecessor-version":[{"id":500,"href":"https:\/\/radioconsuelo138.com\/index.php\/wp-json\/wp\/v2\/pages\/11\/revisions\/500"}],"wp:attachment":[{"href":"https:\/\/radioconsuelo138.com\/index.php\/wp-json\/wp\/v2\/media?parent=11"}],"curies":[{"name":"wp","href":"https:\/\/api.w.org\/{rel}","templated":true}]}}